{"id":7,"date":"2022-03-17T10:26:59","date_gmt":"2022-03-17T09:26:59","guid":{"rendered":"http:\/\/localhost\/pontilimartini\/?page_id=7"},"modified":"2023-10-03T11:51:29","modified_gmt":"2023-10-03T09:51:29","slug":"pontili-strong","status":"publish","type":"page","link":"https:\/\/www.interbox.ch\/marinas\/pontili-galleggianti\/pontili-strong\/","title":{"rendered":"<i>Pontili<\/i> Strong"},"content":{"rendered":"<p>[vc_row full_width=&#8221;stretch_row&#8221; el_class=&#8221;titolo bgBlue&#8221;][vc_column][vc_column_text]<\/p>\n<h6>PONTILI<\/h6>\n<h2>STRONG<\/h2>\n<p>[\/vc_column_text][\/vc_column][\/vc_row][vc_row][vc_column][vc_column_text]<\/p>\n<p style=\"text-align: center;\">I pontili Strong sono una serie che si caratterizza per l\u2019<strong>estrema robustezza<\/strong>, espressamente progettati da Interbox Marinas per l\u2019ormeggio d\u2019imbarcazioni.<br \/>\nOgni accorgimento costruttivo \u00e8 studiato, infatti, per garantire, anche nelle situazioni meteomarine pi\u00f9 complesse massima tenuta, sicurezza e affidabilit\u00e0.<\/p>\n<p>[\/vc_column_text][vc_single_image image=&#8221;654&#8243; img_size=&#8221;full&#8221; alignment=&#8221;center&#8221;][\/vc_column][\/vc_row][vc_row css=&#8221;.vc_custom_1653641202914{padding-top: 0px !important;padding-bottom: 0px !important;}&#8221;][vc_column][vc_btn title=&#8221;Richiedi Informazioni&#8221; style=&#8221;classic&#8221; shape=&#8221;square&#8221; color=&#8221;blue&#8221; align=&#8221;center&#8221; link=&#8221;url:%23info&#8221;][\/vc_column][\/vc_row][vc_row][vc_column][vc_column_text]<\/p>\n<h4 style=\"text-align: center;\">Pontili Strong 320, Strong 270, Strong 240:<br \/>\ngaranzia di tranquillit\u00e0<\/h4>\n<p style=\"text-align: center;\">Tutti i moduli galleggianti Interbox Marinas sono realizzati conformemente alle norme vigenti e alle disposizioni del <strong>PIANC<\/strong> sulle strutture portuali per il diporto nautico.<br \/>\nI pontili Interbox Marinas. sono studiati con la predisposizione per l\u2019installazione di colonnine di servizio (corrente elettrica o acqua) in HDPE o Inox.<\/p>\n<p>[\/vc_column_text][vc_empty_space][\/vc_column][\/vc_row][vc_row full_width=&#8221;stretch_row_content&#8221; equal_height=&#8221;yes&#8221; content_placement=&#8221;middle&#8221; el_class=&#8221;bgBlue fullImg&#8221; css=&#8221;.vc_custom_1653641668298{padding-top: 0px !important;padding-right: 0px !important;padding-bottom: 0px !important;padding-left: 0px !important;}&#8221;][vc_column width=&#8221;1\/12&#8243;][\/vc_column][vc_column width=&#8221;4\/12&#8243; el_class=&#8221;col-md-4 col-md-push-8&#8243;][vc_column_text]La struttura portante \u00e8 costituita da travi correnti in profilato IPE 240, testate in UNP 240, traverse e diagonali d\u2019irrigidimento.<\/p>\n<p>Ogni telaio \u00e8 provvisto di <strong>golfari di ancoraggio<\/strong> realizzati mediante tondo pieno di acciaio \u00d8 35 mm, il tutto opportunamente protetto contro la corrosione marina a mezzo di zincatura a caldo conformemente alla norma EN ISO 1461.[\/vc_column_text][\/vc_column][vc_column width=&#8221;1\/12&#8243;][\/vc_column][vc_column width=&#8221;1\/2&#8243; el_class=&#8221;col-md-2 col-md-pull-6&#8243; css=&#8221;.vc_custom_1653641753086{padding-top: 0px !important;padding-right: 0px !important;padding-bottom: 0px !important;padding-left: 0px !important;}&#8221;][vc_single_image image=&#8221;672&#8243; img_size=&#8221;full&#8221; alignment=&#8221;center&#8221; css=&#8221;.vc_custom_1668605890467{margin-top: 0px !important;margin-right: 0px !important;margin-bottom: 0px !important;margin-left: 0px !important;padding-top: 0px !important;padding-right: 0px !important;padding-bottom: 0px !important;padding-left: 0px !important;}&#8221;][\/vc_column][\/vc_row][vc_row full_width=&#8221;stretch_row_content&#8221; equal_height=&#8221;yes&#8221; content_placement=&#8221;middle&#8221; el_class=&#8221;bgBlue fullImg&#8221; css=&#8221;.vc_custom_1653641681481{padding-top: 0px !important;padding-right: 0px !important;padding-bottom: 0px !important;padding-left: 0px !important;}&#8221;][vc_column width=&#8221;1\/12&#8243;][\/vc_column][vc_column width=&#8221;4\/12&#8243; el_class=&#8221;vc_col-sm-push-6&#8243;][vc_column_text]Gli elementi flottanti in resina poliolefinica garantiscono il galleggiamento e i moduli galleggianti sono attrezzati con doppia fila di parabordi sui lati lunghi in resine poliolefiniche antiurto di colore nero per non sporcare le fiancate delle imbarcazioni.[\/vc_column_text][vc_column_text]Ginocchiere in acciaio con carico di rottura di 790 kN (80 tonn.) fungono da elemento di unione tra i moduli galleggianti.[\/vc_column_text][\/vc_column][vc_column width=&#8221;1\/12&#8243;][\/vc_column][vc_column width=&#8221;1\/2&#8243; el_class=&#8221;vc_col-sm-pull-6&#8243; css=&#8221;.vc_custom_1653641760061{padding: 0px !important;}&#8221;][vc_single_image image=&#8221;673&#8243; img_size=&#8221;full&#8221; alignment=&#8221;center&#8221; css=&#8221;.vc_custom_1668605905800{margin-top: 0px !important;margin-right: 0px !important;margin-bottom: 0px !important;margin-left: 0px !important;padding-top: 0px !important;padding-right: 0px !important;padding-bottom: 0px !important;padding-left: 0px !important;}&#8221;][\/vc_column][\/vc_row][vc_row full_width=&#8221;stretch_row_content&#8221; equal_height=&#8221;yes&#8221; content_placement=&#8221;middle&#8221; el_class=&#8221;bgBlue fullImg&#8221; css=&#8221;.vc_custom_1653641694513{padding-top: 0px !important;padding-right: 0px !important;padding-bottom: 0px !important;padding-left: 0px !important;}&#8221;][vc_column width=&#8221;1\/12&#8243;][\/vc_column][vc_column width=&#8221;4\/12&#8243; el_class=&#8221;col-md-4 col-md-push-8&#8243;][vc_column_text]Ogni modulo \u00e8 corredato di opportuni <strong>anelli di ormeggio<\/strong> in acciaio stampato a caldo ricavati in un unico pezzo senza saldatura di giunzione per offrire la massima garanzia e uniformit\u00e0 di produzione, zincati a caldo per immersione e fissati al telaio del modulo galleggiante mediante 2 bulloni M10.[\/vc_column_text][\/vc_column][vc_column width=&#8221;1\/12&#8243;][\/vc_column][vc_column width=&#8221;1\/2&#8243; el_class=&#8221;col-md-2 col-md-pull-6&#8243; css=&#8221;.vc_custom_1653641767393{padding: 0px !important;}&#8221;][vc_single_image image=&#8221;674&#8243; img_size=&#8221;full&#8221; alignment=&#8221;center&#8221; css=&#8221;.vc_custom_1668605917832{margin-top: 0px !important;margin-right: 0px !important;margin-bottom: 0px !important;margin-left: 0px !important;padding-top: 0px !important;padding-right: 0px !important;padding-bottom: 0px !important;padding-left: 0px !important;}&#8221;][\/vc_column][\/vc_row][vc_row full_width=&#8221;stretch_row_content&#8221; equal_height=&#8221;yes&#8221; content_placement=&#8221;middle&#8221; el_class=&#8221;bgBlue fullImg&#8221; css=&#8221;.vc_custom_1653641700281{padding-top: 0px !important;padding-right: 0px !important;padding-bottom: 0px !important;padding-left: 0px !important;}&#8221;][vc_column width=&#8221;1\/12&#8243;][\/vc_column][vc_column width=&#8221;4\/12&#8243; el_class=&#8221;vc_col-sm-push-6&#8243;][vc_column_text]Il piano di calpestio \u00e8 realizzato<strong> con doghe in resina<\/strong> sostenute da travi in lega di alluminio.<br \/>\nE\u2019 molto semplice smontare e rimontare le doghe per accedere e ispezionare l\u2019impiantistica sottostante per verificarne il corretto funzionamento.<br \/>\n[\/vc_column_text][\/vc_column][vc_column width=&#8221;1\/12&#8243;][\/vc_column][vc_column width=&#8221;1\/2&#8243; el_class=&#8221;vc_col-sm-pull-6&#8243; css=&#8221;.vc_custom_1653641776829{padding: 0px !important;}&#8221;][vc_single_image image=&#8221;676&#8243; img_size=&#8221;full&#8221; alignment=&#8221;center&#8221; css=&#8221;.vc_custom_1668605932349{margin-top: 0px !important;margin-right: 0px !important;margin-bottom: 0px !important;margin-left: 0px !important;padding-top: 0px !important;padding-right: 0px !important;padding-bottom: 0px !important;padding-left: 0px !important;}&#8221;][\/vc_column][\/vc_row][vc_row css=&#8221;.vc_custom_1652097546615{margin-bottom: 0px !important;padding-bottom: 0px !important;}&#8221;][vc_column][vc_column_text]<\/p>\n<h4 style=\"text-align: center;\">CARATTERISTICHE TECNICHE<\/h4>\n<p>[\/vc_column_text][\/vc_column][\/vc_row][vc_row equal_height=&#8221;yes&#8221; content_placement=&#8221;middle&#8221;][vc_column width=&#8221;1\/3&#8243; el_class=&#8221;bgBlue&#8221;][vc_row_inner][vc_column_inner][vc_column_text]<\/p>\n<p style=\"text-align: center;\"><strong>Strong 320<\/strong><\/p>\n<p>[\/vc_column_text][vc_single_image image=&#8221;200&#8243; img_size=&#8221;full&#8221; alignment=&#8221;center&#8221;][vc_empty_space height=&#8221;15px&#8221;][vc_btn title=&#8221;Scheda Tecnica&#8221; style=&#8221;classic&#8221; shape=&#8221;square&#8221; color=&#8221;blue&#8221; align=&#8221;center&#8221; link=&#8221;url:https%3A%2F%2Fwww.interbox.ch%2Fmarinas%2Fwp-content%2Fuploads%2F2022%2F03%2FStrong320ITA.pdf|target:_blank&#8221;][\/vc_column_inner][\/vc_row_inner][\/vc_column][vc_column width=&#8221;1\/3&#8243;][vc_row_inner][vc_column_inner][vc_column_text]<\/p>\n<p style=\"text-align: center;\"><strong>Strong 270 <\/strong><\/p>\n<p>[\/vc_column_text][vc_single_image image=&#8221;201&#8243; img_size=&#8221;full&#8221; alignment=&#8221;center&#8221;][vc_empty_space height=&#8221;15px&#8221;][vc_btn title=&#8221;Scheda Tecnica&#8221; style=&#8221;classic&#8221; shape=&#8221;square&#8221; color=&#8221;blue&#8221; align=&#8221;center&#8221; link=&#8221;url:https%3A%2F%2Fwww.interbox.ch%2Fmarinas%2Fwp-content%2Fuploads%2F2022%2F03%2FStrong270ITA.pdf&#8221;][\/vc_column_inner][\/vc_row_inner][\/vc_column][vc_column width=&#8221;1\/3&#8243; el_class=&#8221;bgBlue&#8221;][vc_row_inner][vc_column_inner][vc_column_text]<\/p>\n<p style=\"text-align: center;\"><strong>Strong 240 <\/strong><\/p>\n<p>[\/vc_column_text][vc_single_image image=&#8221;202&#8243; img_size=&#8221;full&#8221; alignment=&#8221;center&#8221;][vc_empty_space height=&#8221;15px&#8221;][vc_btn title=&#8221;Scheda Tecnica&#8221; style=&#8221;classic&#8221; shape=&#8221;square&#8221; color=&#8221;blue&#8221; align=&#8221;center&#8221; link=&#8221;url:https%3A%2F%2Fwww.interbox.ch%2Fmarinas%2Fwp-content%2Fuploads%2F2022%2F03%2FStrong240ITA.pdf&#8221;][\/vc_column_inner][\/vc_row_inner][\/vc_column][\/vc_row]<\/p>\n","protected":false},"excerpt":{"rendered":"<p>Una serie di pontili che si caratterizzano per l\u2019estrema robustezza, espressamente progettati da Interbox Marinas per l\u2019ormeggio d\u2019imbarcazioni.<\/p>\n","protected":false},"author":1,"featured_media":224,"parent":181,"menu_order":0,"comment_status":"closed","ping_status":"closed","template":"","meta":{"site-sidebar-layout":"no-sidebar","site-content-layout":"plain-container","ast-main-header-display":"","ast-hfb-above-header-display":"","ast-hfb-below-header-display":"","ast-hfb-mobile-header-display":"","site-post-title":"disabled","ast-breadcrumbs-content":"","ast-featured-img":"disabled","footer-sml-layout":"","theme-transparent-header-meta":"default","adv-header-id-meta":"","stick-header-meta":"","header-above-stick-meta":"","header-main-stick-meta":"","header-below-stick-meta":"","footnotes":""},"class_list":["post-7","page","type-page","status-publish","has-post-thumbnail","hentry"],"yoast_head":"<!-- This site is optimized with the Yoast SEO plugin v19.2 - https:\/\/yoast.com\/wordpress\/plugins\/seo\/ -->\n<title>Pontili Strong - Interbox Marinas S.p.A.<\/title>\n<meta name=\"description\" content=\"I pontili Strong si caratterizzano per l\u2019estrema robustezza e sono espressamente progettati per l\u2019ormeggio d\u2019imbarcazioni.\" \/>\n<meta name=\"robots\" content=\"index, follow, max-snippet:-1, max-image-preview:large, max-video-preview:-1\" \/>\n<link rel=\"canonical\" href=\"https:\/\/www.interbox.ch\/marinas\/pontili-galleggianti\/pontili-strong\/\" \/>\n<meta property=\"og:locale\" content=\"it_IT\" \/>\n<meta property=\"og:type\" content=\"article\" \/>\n<meta property=\"og:title\" content=\"Pontili Strong - Interbox Marinas S.p.A.\" \/>\n<meta property=\"og:description\" content=\"I pontili Strong si caratterizzano per l\u2019estrema robustezza e sono espressamente progettati per l\u2019ormeggio d\u2019imbarcazioni.\" \/>\n<meta property=\"og:url\" content=\"https:\/\/www.interbox.ch\/marinas\/pontili-galleggianti\/pontili-strong\/\" \/>\n<meta property=\"og:site_name\" content=\"Interbox Marinas\" \/>\n<meta property=\"article:modified_time\" content=\"2023-10-03T09:51:29+00:00\" \/>\n<meta property=\"og:image\" content=\"https:\/\/www.interbox.ch\/marinas\/wp-content\/uploads\/2022\/03\/martStrong_1.jpg\" \/>\n\t<meta property=\"og:image:width\" content=\"1024\" \/>\n\t<meta property=\"og:image:height\" content=\"399\" \/>\n\t<meta property=\"og:image:type\" content=\"image\/jpeg\" \/>\n<meta name=\"author\" content=\"immagine23\" \/>\n<meta name=\"twitter:card\" content=\"summary_large_image\" \/>\n<meta name=\"twitter:label1\" content=\"Tempo di lettura stimato\" \/>\n\t<meta name=\"twitter:data1\" content=\"3 minuti\" \/>\n<script type=\"application\/ld+json\" class=\"yoast-schema-graph\">{\"@context\":\"https:\/\/schema.org\",\"@graph\":[{\"@type\":\"WebSite\",\"@id\":\"https:\/\/www.interbox.ch\/marinas\/#website\",\"url\":\"https:\/\/www.interbox.ch\/marinas\/\",\"name\":\"Interbox Marinas\",\"description\":\"Divisione Marinas\",\"potentialAction\":[{\"@type\":\"SearchAction\",\"target\":{\"@type\":\"EntryPoint\",\"urlTemplate\":\"https:\/\/www.interbox.ch\/marinas\/?s={search_term_string}\"},\"query-input\":\"required name=search_term_string\"}],\"inLanguage\":\"it-IT\"},{\"@type\":\"ImageObject\",\"inLanguage\":\"it-IT\",\"@id\":\"https:\/\/www.interbox.ch\/marinas\/pontili-galleggianti\/pontili-strong\/#primaryimage\",\"url\":\"https:\/\/www.interbox.ch\/marinas\/wp-content\/uploads\/2022\/03\/martStrong_1.jpg\",\"contentUrl\":\"https:\/\/www.interbox.ch\/marinas\/wp-content\/uploads\/2022\/03\/martStrong_1.jpg\",\"width\":1024,\"height\":399,\"caption\":\"pontili\"},{\"@type\":\"WebPage\",\"@id\":\"https:\/\/www.interbox.ch\/marinas\/pontili-galleggianti\/pontili-strong\/#webpage\",\"url\":\"https:\/\/www.interbox.ch\/marinas\/pontili-galleggianti\/pontili-strong\/\",\"name\":\"Pontili Strong - Interbox Marinas S.p.A.\",\"isPartOf\":{\"@id\":\"https:\/\/www.interbox.ch\/marinas\/#website\"},\"primaryImageOfPage\":{\"@id\":\"https:\/\/www.interbox.ch\/marinas\/pontili-galleggianti\/pontili-strong\/#primaryimage\"},\"datePublished\":\"2022-03-17T09:26:59+00:00\",\"dateModified\":\"2023-10-03T09:51:29+00:00\",\"description\":\"I pontili Strong si caratterizzano per l\u2019estrema robustezza e sono espressamente progettati per l\u2019ormeggio d\u2019imbarcazioni.\",\"breadcrumb\":{\"@id\":\"https:\/\/www.interbox.ch\/marinas\/pontili-galleggianti\/pontili-strong\/#breadcrumb\"},\"inLanguage\":\"it-IT\",\"potentialAction\":[{\"@type\":\"ReadAction\",\"target\":[\"https:\/\/www.interbox.ch\/marinas\/pontili-galleggianti\/pontili-strong\/\"]}]},{\"@type\":\"BreadcrumbList\",\"@id\":\"https:\/\/www.interbox.ch\/marinas\/pontili-galleggianti\/pontili-strong\/#breadcrumb\",\"itemListElement\":[{\"@type\":\"ListItem\",\"position\":1,\"name\":\"Home\",\"item\":\"https:\/\/www.interbox.ch\/marinas\/\"},{\"@type\":\"ListItem\",\"position\":2,\"name\":\"Pontili galleggianti\",\"item\":\"https:\/\/www.interbox.ch\/marinas\/pontili-galleggianti\/\"},{\"@type\":\"ListItem\",\"position\":3,\"name\":\"Pontili Strong\"}]}]}<\/script>\n<!-- \/ Yoast SEO plugin. -->","yoast_head_json":{"title":"Pontili Strong - Interbox Marinas S.p.A.","description":"I pontili Strong si caratterizzano per l\u2019estrema robustezza e sono espressamente progettati per l\u2019ormeggio d\u2019imbarcazioni.","robots":{"index":"index","follow":"follow","max-snippet":"max-snippet:-1","max-image-preview":"max-image-preview:large","max-video-preview":"max-video-preview:-1"},"canonical":"https:\/\/www.interbox.ch\/marinas\/pontili-galleggianti\/pontili-strong\/","og_locale":"it_IT","og_type":"article","og_title":"Pontili Strong - Interbox Marinas S.p.A.","og_description":"I pontili Strong si caratterizzano per l\u2019estrema robustezza e sono espressamente progettati per l\u2019ormeggio d\u2019imbarcazioni.","og_url":"https:\/\/www.interbox.ch\/marinas\/pontili-galleggianti\/pontili-strong\/","og_site_name":"Interbox Marinas","article_modified_time":"2023-10-03T09:51:29+00:00","og_image":[{"width":1024,"height":399,"url":"https:\/\/www.interbox.ch\/marinas\/wp-content\/uploads\/2022\/03\/martStrong_1.jpg","type":"image\/jpeg"}],"author":"immagine23","twitter_card":"summary_large_image","twitter_misc":{"Tempo di lettura stimato":"3 minuti"},"schema":{"@context":"https:\/\/schema.org","@graph":[{"@type":"WebSite","@id":"https:\/\/www.interbox.ch\/marinas\/#website","url":"https:\/\/www.interbox.ch\/marinas\/","name":"Interbox Marinas","description":"Divisione Marinas","potentialAction":[{"@type":"SearchAction","target":{"@type":"EntryPoint","urlTemplate":"https:\/\/www.interbox.ch\/marinas\/?s={search_term_string}"},"query-input":"required name=search_term_string"}],"inLanguage":"it-IT"},{"@type":"ImageObject","inLanguage":"it-IT","@id":"https:\/\/www.interbox.ch\/marinas\/pontili-galleggianti\/pontili-strong\/#primaryimage","url":"https:\/\/www.interbox.ch\/marinas\/wp-content\/uploads\/2022\/03\/martStrong_1.jpg","contentUrl":"https:\/\/www.interbox.ch\/marinas\/wp-content\/uploads\/2022\/03\/martStrong_1.jpg","width":1024,"height":399,"caption":"pontili"},{"@type":"WebPage","@id":"https:\/\/www.interbox.ch\/marinas\/pontili-galleggianti\/pontili-strong\/#webpage","url":"https:\/\/www.interbox.ch\/marinas\/pontili-galleggianti\/pontili-strong\/","name":"Pontili Strong - Interbox Marinas S.p.A.","isPartOf":{"@id":"https:\/\/www.interbox.ch\/marinas\/#website"},"primaryImageOfPage":{"@id":"https:\/\/www.interbox.ch\/marinas\/pontili-galleggianti\/pontili-strong\/#primaryimage"},"datePublished":"2022-03-17T09:26:59+00:00","dateModified":"2023-10-03T09:51:29+00:00","description":"I pontili Strong si caratterizzano per l\u2019estrema robustezza e sono espressamente progettati per l\u2019ormeggio d\u2019imbarcazioni.","breadcrumb":{"@id":"https:\/\/www.interbox.ch\/marinas\/pontili-galleggianti\/pontili-strong\/#breadcrumb"},"inLanguage":"it-IT","potentialAction":[{"@type":"ReadAction","target":["https:\/\/www.interbox.ch\/marinas\/pontili-galleggianti\/pontili-strong\/"]}]},{"@type":"BreadcrumbList","@id":"https:\/\/www.interbox.ch\/marinas\/pontili-galleggianti\/pontili-strong\/#breadcrumb","itemListElement":[{"@type":"ListItem","position":1,"name":"Home","item":"https:\/\/www.interbox.ch\/marinas\/"},{"@type":"ListItem","position":2,"name":"Pontili galleggianti","item":"https:\/\/www.interbox.ch\/marinas\/pontili-galleggianti\/"},{"@type":"ListItem","position":3,"name":"Pontili Strong"}]}]}},"_links":{"self":[{"href":"https:\/\/www.interbox.ch\/marinas\/wp-json\/wp\/v2\/pages\/7","targetHints":{"allow":["GET"]}}],"collection":[{"href":"https:\/\/www.interbox.ch\/marinas\/wp-json\/wp\/v2\/pages"}],"about":[{"href":"https:\/\/www.interbox.ch\/marinas\/wp-json\/wp\/v2\/types\/page"}],"author":[{"embeddable":true,"href":"https:\/\/www.interbox.ch\/marinas\/wp-json\/wp\/v2\/users\/1"}],"replies":[{"embeddable":true,"href":"https:\/\/www.interbox.ch\/marinas\/wp-json\/wp\/v2\/comments?post=7"}],"version-history":[{"count":67,"href":"https:\/\/www.interbox.ch\/marinas\/wp-json\/wp\/v2\/pages\/7\/revisions"}],"predecessor-version":[{"id":2461,"href":"https:\/\/www.interbox.ch\/marinas\/wp-json\/wp\/v2\/pages\/7\/revisions\/2461"}],"up":[{"embeddable":true,"href":"https:\/\/www.interbox.ch\/marinas\/wp-json\/wp\/v2\/pages\/181"}],"wp:featuredmedia":[{"embeddable":true,"href":"https:\/\/www.interbox.ch\/marinas\/wp-json\/wp\/v2\/media\/224"}],"wp:attachment":[{"href":"https:\/\/www.interbox.ch\/marinas\/wp-json\/wp\/v2\/media?parent=7"}],"curies":[{"name":"wp","href":"https:\/\/api.w.org\/{rel}","templated":true}]}}